 91 and 139048?
91
What is the highest common factor of 987 and 63826?
329
What is the highest common divisor of 619250 and 675?
25
Calculate the highest common divisor of 8282 and 4018.
82
What is the greatest common factor of 1691 and 14459?
19
Calculate the greatest common factor of 87675 and 1470.
105
What is the greatest common divisor of 475 and 367650?
475
What is the highest common divisor of 2046702 and 294?
42
Calculate the highest common factor of 11832 and 3712.
232
What is the highest common factor of 79112 and 512?
8
Calculate the highest common divisor of 1426 and 133446.
46
Calculate the greatest common factor of 5265 and 882495.
405
Calculate the greatest common factor of 96364 and 16.
4
Calculate the greatest common divisor of 1312 and 5792.
32
Calculate the highest common factor of 246984 and 26104.
2008
Calculate the greatest common divisor of 164 and 2233516.
164
Calculate the greatest common factor of 140 and 1248590.
70
Calculate the greatest common divisor of 38 and 875387.
19
What is the highest common factor of 7152 and 188932?
596
Calculate the greatest common factor of 419160 and 10920.
840
Calculate the highest common factor of 884 and 2756.
52
What is the highest common divisor of 57310 and 4?
2
What is the greatest common factor of 56538 and 1944?
162
What is the greatest common divisor of 5921 and 2?
1
Calculate the highest common factor of 20922 and 1056.
66
What is the highest common factor of 1946 and 1163152?
278
Calculate the highest common factor of 9466 and 2.
2
What is the greatest common divisor of 275 and 54975?
25
Calculate the greatest common factor of 7112 and 15862.
14
What is the greatest common factor of 491993 and 138?
23
What is the highest common divisor of 7472 and 732723?
467
Calculate the greatest common divisor of 26032 and 23744.
16
What is the greatest common divisor of 6490 and 250?
10
What is the highest common factor of 370892 and 8?
4
What is the highest common factor of 65 and 4849?
13
Calculate the highest common divisor of 31979 and 1921.
113
Calculate the highest common factor of 652 and 604.
4
What is the greatest common factor of 30 and 136470?
30
Calculate the greatest common factor of 112872 and 96.
24
What is the greatest common factor of 3045 and 525?
105
Calculate the highest common divisor of 342 and 64942.
38
Calculate the highest common divisor of 5528 and 32.
8
Calculate the greatest common factor of 122 and 60268.
122
Calculate the greatest common divisor of 735 and 90580.
35
What is the highest common factor of 682 and 614141?
341
Calculate the highest common factor of 93 and 4619.
31
Calculate the highest common divisor of 4546555 and 565.
565
What is the highest common factor of 13176 and 2376?
216
Calculate the greatest common divisor of 129307 and 6770.
677
Calculate the greatest common divisor of 3380 and 108836.
676
What is the greatest common divisor of 14 and 293790?
14
What is the highest common factor of 1558102 and 13?
13
Calculate the greatest common divisor of 238 and 1322532.
34
What is the highest common factor of 232 and 20944960?
232
What is the greatest common factor of 1210 and 10?
10
Calculate the highest common divisor of 37352 and 23896.
232
Calculate the greatest common factor of 407663 and 164.
41
What is the highest common divisor of 599425 and 25?
25
What is the greatest common divisor of 959 and 88776?
137
Calculate the highest common factor of 334890 and 270.
90
Calculate the highest common factor of 30 and 332610.
30
Calculate the greatest common divisor of 15255702 and 9.
9
What is the highest common factor of 495 and 3707?
11
Calculate the greatest common divisor of 1177701 and 21.
21
What is the highest common divisor of 522 and 4800?
6
Calculate the greatest common divisor of 26441 and 193.
193
Calculate the highest common factor of 1943 and 406.
29
Calculate the highest common divisor of 19821 and 84.
3
Calculate the greatest common factor of 279448 and 16.
8
What is the highest common divisor of 175592 and 235?
47
What is the greatest common divisor of 394536 and 4080?
408
Calculate the greatest common divisor of 294190 and 5256.
146
What is the highest common factor of 1909 and 287761?
83
Calculate the greatest common factor of 387 and 2897469.
387
Calculate the greatest common divisor of 606 and 750531.
303
Calculate the highest common factor of 1064820 and 120.
60
What is the highest common factor of 5713 and 2407?
29
What is the greatest common factor of 34339 and 23?
23
Calculate the greatest common divisor of 24462 and 22650.
906
What is the greatest common factor of 13264 and 1565981?
829
What is the highest common factor of 1774848 and 768?
768
Calculate the greatest common factor of 9495 and 1748135.
1055
Calculate the highest common factor of 2277 and 8855.
253
What is the highest common factor of 222 and 98346?
222
What is the greatest common divisor of 24 and 3531336?
24
What is the greatest common factor of 255 and 23685?
15
Calculate the greatest common divisor of 90 and 4635.
45
What is the highest common factor of 583562 and 1022?
1022
Calculate the greatest common factor of 112924 and 117068.
1036
Calculate the highest common factor of 253 and 8717.
23
Calculate the greatest common divisor of 96 and 705444.
12
Calculate the highest common divisor of 83310 and 2010.
30
Calculate the greatest common divisor of 3190 and 112486.
22
What is the highest common divisor of 21160 and 3480?
40
Calculate the highest common factor of 2985 and 240.
15
What is the greatest common divisor of 600 and 112350?
150
What is the greatest common divisor of 1640 and 43952?
328
Calculate the greatest common divisor of 55 and 89606.
11
What is the greatest common divisor of 70 and 350476?
14
What is the greatest common divisor of 8206 and 176?
22
Calculate the greatest common divisor of 1220 and 7920.
20
Calculate the greatest common divisor of 210 and 41937.
21
Calculate the highest common divisor of 439937 and 652.
163
Calculate the greatest common divisor of 38530 and 40.
10
What is the greatest common factor of 48 and 1535504?
16
What is the greatest common factor of 184385 and 15?
5
What is the highest common factor of 513450 and 63?
63
Calculate the greatest common divisor of 64684 and 6280.
628
Calculate the highest common divisor of 202 and 309161.
101
What is the greatest common divisor of 319849 and 4?
1
What is the highest common divisor of 420 and 5374992?
84
Calculate the highest common divisor of 130 and 26468.
26
Calculate the greatest common factor of 70 and 870275.
35
Calculate the highest common divisor of 8 and 1965316.
4
What is the greatest common divisor of 371380 and 2480?
620
Calculate the highest common factor of 381203 and 309.
103
Calculate the greatest common divisor of 8336 and 96.
16
Calculate the highest common divisor of 238243 and 111.
37
What is the greatest common factor of 249777 and 10527?
957
What is the highest common divisor of 7808457 and 51?
51
What is the greatest common factor of 78 and 8115?
3
Calculate the greatest common factor of 70142 and 374.
34
Calculate the greatest common factor of 13890 and 120.
30
What is the highest common factor of 1272 and 744?
24
What is the highest common factor of 4 and 21994?
2
What is the greatest common divisor of 320 and 37940?
20
What is the greatest common divisor of 30180 and 1810?
10
Calculate the highest common factor of 34 and 1147126.
34
Calculate the highest common divisor of 2436 and 10752.
84
What is the highest common factor of 21 and 9219?
21
Calculate the greatest common factor of 487 and 16.
1
Calculate the highest common factor of 21 and 130900.
7
Calculate the highest common divisor of 68 and 153.
17
What is the greatest common factor of 481 and 6475?
37
What is the highest common factor of 1035 and 34845?
345
Calculate the greatest common factor of 8211072 and 256.
128
What is the highest common factor of 181 and 886357?
181
What is the greatest common divisor of 4460 and 1700?
20
Calculate the highest common divisor of 10 and 188390.
10
What is the greatest common factor of 691390 and 9310?
490
Calculate the highest common factor of 1300 and 4225.
325
What is the highest common factor of 24254 and 36019?
181
What is the greatest common f